{"id":1025,"date":"2016-11-24T01:59:37","date_gmt":"2016-11-24T01:59:37","guid":{"rendered":"http:\/\/demowp.codeopus.net\/safaria\/?page_id=1025"},"modified":"2017-03-29T14:09:05","modified_gmt":"2017-03-29T20:09:05","slug":"nuestra-historia","status":"publish","type":"page","link":"http:\/\/yumka.gob.mx\/?page_id=1025","title":{"rendered":"Acerca de nuestra \u00e1rea natural protegida"},"content":{"rendered":"<p>&nbsp;<\/p>\n<h3>Sabes que significa la palabra Yumk\u00e1?<\/h3>\n<p>La palabra <i>Yumka\u00b4<\/i> significa en maya: <i>&#8220;Duende que cuida de la selva y los animales&#8221;<\/i>. Los Chontales cre\u00edan firmemente en la existencia de un personaje que cuidaba de las plantas y los animales, al que llamaban <i>Yumka\u00b4<\/i>.<\/p>\n<h3>Nuestra Misi\u00f3n<\/h3>\n<p><span id=\"ctl06_lblMision\">Contribuir a la conservaci\u00f3n de las especies y de sus ecosistemas, as\u00ed como promover el fortalecimiento de valores que permitan una relaci\u00f3n mas arm\u00f3nica entre la naturaleza y la sociedad<\/span>.<\/p>\n<h3>Nuestra Visi\u00f3n<\/h3>\n<p><span id=\"ctl06_lblMision2\">Ser un centro que ofrezca un espacio y servicios de calidad para el esparcimiento familiar y el contacto con la naturaleza, que promueva la conservaci\u00f3n de especies y sus ecosistemas, a trav\u00e9s de la educaci\u00f3n e interpretaci\u00f3n ambiental<\/span>.<\/p>\n<h3>Nuestro Objetivo<\/h3>\n<p><span id=\"ctl06_lblMision3\">Promover la educaci\u00f3n ambiental entre la poblaci\u00f3n, tendiente a fomentar la protecci\u00f3n, conservaci\u00f3n y desarrollo sustentable de los recursos naturales del estado de Tabasco.<\/span> Fomentar la protecci\u00f3n, conservaci\u00f3n e investigaci\u00f3n de las especies y ecosistemas que forman parte del Centro de Interpretaci\u00f3n de la Naturaleza\u00a0Yumka&#8217;. Promover, difundir y apoyar la realizaci\u00f3n de todo tipo de acciones, programas y estudios de manejo y conservaci\u00f3n de los recursos naturales.<\/p>\n<h3><\/h3>\n<h3>La historia del Yumk\u00e1<\/h3>\n<p>El Yumka es un proyecto iniciado el 19 diciembre de 1987 a ra\u00edz de la declaraci\u00f3n de \u00e1rea natural protegida de las 101 hect\u00e1reas que conforman la zona, clasific\u00e1ndola, por lo tanto, como Centro de Interpretaci\u00f3n de la Naturaleza (CIN). Sin embargo, fue hasta el 23 de mayo de 1993 cuando el centro abri\u00f3 sus puertas al p\u00fablico, con el prop\u00f3sito de promover la conservaci\u00f3n de las especies que habitan el estado.<\/p>\n<h3>Historia del logotipo<\/h3>\n<h3>\u00a0<img data-recalc-dims=\"1\" fetchpriority=\"high\" decoding=\"async\" width=\"300\" height=\"270\" data-attachment-id=\"1200\" data-permalink=\"http:\/\/yumka.gob.mx\/?attachment_id=1200\" data-orig-file=\"https:\/\/i0.wp.com\/yumka.gob.mx\/wp-content\/uploads\/2016\/11\/Yumka_LogoHistorico.jpg?fit=458%2C412\" data-orig-size=\"458,412\" data-comments-opened=\"1\" data-image-meta=\"{&quot;aperture&quot;:&quot;0&quot;,&quot;credit&quot;:&quot;&quot;,&quot;camera&quot;:&quot;&quot;,&quot;caption&quot;:&quot;&quot;,&quot;created_timestamp&quot;:&quot;0&quot;,&quot;copyright&quot;:&quot;&quot;,&quot;focal_length&quot;:&quot;0&quot;,&quot;iso&quot;:&quot;0&quot;,&quot;shutter_speed&quot;:&quot;0&quot;,&quot;title&quot;:&quot;&quot;,&quot;orientation&quot;:&quot;0&quot;}\" data-image-title=\"Yumka_LogoHistorico\" data-image-description=\"\" data-image-caption=\"\" data-large-file=\"https:\/\/i0.wp.com\/yumka.gob.mx\/wp-content\/uploads\/2016\/11\/Yumka_LogoHistorico.jpg?fit=458%2C412\" class=\"alignnone size-medium wp-image-1200\" src=\"https:\/\/i0.wp.com\/museopapagayo.com\/yumka\/wp-content\/uploads\/2016\/11\/Yumka_LogoHistorico-300x270.jpg?resize=300%2C270\" alt=\"\" srcset=\"https:\/\/i0.wp.com\/yumka.gob.mx\/wp-content\/uploads\/2016\/11\/Yumka_LogoHistorico.jpg?resize=300%2C270 300w, https:\/\/i0.wp.com\/yumka.gob.mx\/wp-content\/uploads\/2016\/11\/Yumka_LogoHistorico.jpg?resize=368%2C331 368w, https:\/\/i0.wp.com\/yumka.gob.mx\/wp-content\/uploads\/2016\/11\/Yumka_LogoHistorico.jpg?resize=200%2C180 200w, https:\/\/i0.wp.com\/yumka.gob.mx\/wp-content\/uploads\/2016\/11\/Yumka_LogoHistorico.jpg?resize=220%2C198 220w, https:\/\/i0.wp.com\/yumka.gob.mx\/wp-content\/uploads\/2016\/11\/Yumka_LogoHistorico.jpg?w=458 458w\" sizes=\"(max-width: 300px) 100vw, 300px\" \/>\u00a0 Anterior Logotipo<\/h3>\n<h3><img data-recalc-dims=\"1\" decoding=\"async\" width=\"300\" height=\"196\" data-attachment-id=\"1201\" data-permalink=\"http:\/\/yumka.gob.mx\/?attachment_id=1201\" data-orig-file=\"https:\/\/i0.wp.com\/yumka.gob.mx\/wp-content\/uploads\/2016\/11\/LOGOYUMKA.png?fit=1837%2C1201\" data-orig-size=\"1837,1201\" data-comments-opened=\"1\" data-image-meta=\"{&quot;aperture&quot;:&quot;0&quot;,&quot;credit&quot;:&quot;&quot;,&quot;camera&quot;:&quot;&quot;,&quot;caption&quot;:&quot;&quot;,&quot;created_timestamp&quot;:&quot;0&quot;,&quot;copyright&quot;:&quot;&quot;,&quot;focal_length&quot;:&quot;0&quot;,&quot;iso&quot;:&quot;0&quot;,&quot;shutter_speed&quot;:&quot;0&quot;,&quot;title&quot;:&quot;&quot;,&quot;orientation&quot;:&quot;0&quot;}\" data-image-title=\"LOGOYUMKA\" data-image-description=\"\" data-image-caption=\"\" data-large-file=\"https:\/\/i0.wp.com\/yumka.gob.mx\/wp-content\/uploads\/2016\/11\/LOGOYUMKA.png?fit=960%2C627\" class=\"alignnone size-medium wp-image-1201\" src=\"https:\/\/i0.wp.com\/museopapagayo.com\/yumka\/wp-content\/uploads\/2016\/11\/LOGOYUMKA-300x196.png?resize=300%2C196\" alt=\"\" srcset=\"https:\/\/i0.wp.com\/yumka.gob.mx\/wp-content\/uploads\/2016\/11\/LOGOYUMKA.png?resize=300%2C196 300w, https:\/\/i0.wp.com\/yumka.gob.mx\/wp-content\/uploads\/2016\/11\/LOGOYUMKA.png?resize=368%2C241 368w, https:\/\/i0.wp.com\/yumka.gob.mx\/wp-content\/uploads\/2016\/11\/LOGOYUMKA.png?resize=768%2C502 768w, https:\/\/i0.wp.com\/yumka.gob.mx\/wp-content\/uploads\/2016\/11\/LOGOYUMKA.png?resize=1024%2C669 1024w, https:\/\/i0.wp.com\/yumka.gob.mx\/wp-content\/uploads\/2016\/11\/LOGOYUMKA.png?resize=200%2C131 200w, https:\/\/i0.wp.com\/yumka.gob.mx\/wp-content\/uploads\/2016\/11\/LOGOYUMKA.png?resize=220%2C144 220w, https:\/\/i0.wp.com\/yumka.gob.mx\/wp-content\/uploads\/2016\/11\/LOGOYUMKA.png?w=1837 1837w\" sizes=\"(max-width: 300px) 100vw, 300px\" \/>Logotipo en la actual<\/h3>\n","protected":false},"excerpt":{"rendered":"<p>&nbsp; Sabes que significa la palabra Yumk\u00e1? La palabra Yumka\u00b4 significa en maya: &#8220;Duende que cuida de la selva y los animales&#8221;. Los Chontales cre\u00edan firmemente en la existencia de un personaje que cuidaba de las plantas y los animales, al que llamaban Yumka\u00b4. Nuestra Misi\u00f3n Contribuir a la conservaci\u00f3n de las especies y de [&hellip;]<\/p>\n","protected":false},"author":2,"featured_media":0,"parent":0,"menu_order":0,"comment_status":"closed","ping_status":"closed","template":"","meta":{"jetpack_post_was_ever_published":false,"footnotes":""},"class_list":["post-1025","page","type-page","status-publish","hentry"],"jetpack_sharing_enabled":true,"jetpack_shortlink":"https:\/\/wp.me\/PciRc3-gx","jetpack-related-posts":[{"id":985,"url":"http:\/\/yumka.gob.mx\/","url_meta":{"origin":1025,"position":0},"title":"Yumka&#8217;","author":"Ram\u00f3n de Jesus Estudillo","date":"24 noviembre, 2016","format":false,"excerpt":"Vive la experiencia Yumka' Ll\u00e1manos para mas informaci\u00f3n al 01 (993) 980 41 44 Yumka' es un Centro de Interpretaci\u00f3n y Convivencia con la Naturaleza que lleva 30 a\u00f1os al servicio del p\u00fablico. Uno de sus objetivos es promover actividades de educaci\u00f3n ambiental no formal, es decir trasmitir conocimiento, aptitudes\u2026","rel":"","context":"Entrada similar ","block_context":{"text":"Entrada similar ","link":""},"img":{"alt_text":"","src":"https:\/\/i0.wp.com\/yumka.gob.mx\/wp-content\/uploads\/2020\/10\/AvisoCierradoYumka-1.jpg?fit=1200%2C1200&resize=350%2C200","width":350,"height":200,"srcset":"https:\/\/i0.wp.com\/yumka.gob.mx\/wp-content\/uploads\/2020\/10\/AvisoCierradoYumka-1.jpg?fit=1200%2C1200&resize=350%2C200 1x, https:\/\/i0.wp.com\/yumka.gob.mx\/wp-content\/uploads\/2020\/10\/AvisoCierradoYumka-1.jpg?fit=1200%2C1200&resize=525%2C300 1.5x, https:\/\/i0.wp.com\/yumka.gob.mx\/wp-content\/uploads\/2020\/10\/AvisoCierradoYumka-1.jpg?fit=1200%2C1200&resize=700%2C400 2x, https:\/\/i0.wp.com\/yumka.gob.mx\/wp-content\/uploads\/2020\/10\/AvisoCierradoYumka-1.jpg?fit=1200%2C1200&resize=1050%2C600 3x"},"classes":[]},{"id":2048,"url":"http:\/\/yumka.gob.mx\/?page_id=2048","url_meta":{"origin":1025,"position":1},"title":"Curso de Verano 2017","author":"Ram\u00f3n de Jesus Estudillo","date":"6 julio, 2017","format":false,"excerpt":"Cupo limitado para 15 ni\u00f1os Objetivo El objetivo del Curso de Verano 2017 es inculcar en los ni\u00f1os, el amor y respeto que merece la naturaleza. Estos cursos de verano ayudan a iniciar en los ni\u00f1os una educaci\u00f3n ambiental, donde el infante aprende los conocimientos necesarios para el cuidado y\u2026","rel":"","context":"Entrada similar ","block_context":{"text":"Entrada similar ","link":""},"img":{"alt_text":"","src":"https:\/\/i0.wp.com\/yumka.org.mx\/wp-content\/uploads\/2017\/07\/curso-verano2017-300x278.png?resize=350%2C200","width":350,"height":200},"classes":[]},{"id":2357,"url":"http:\/\/yumka.gob.mx\/?page_id=2357","url_meta":{"origin":1025,"position":2},"title":"Cuidando al Yumka","author":"Ram\u00f3n de Jesus Estudillo","date":"8 abril, 2020","format":false,"excerpt":"El Centro de Interpretaci\u00f3n\u00a0y Convivencia con la Naturaleza Yumka', esta temporalmente cerrado al p\u00fablico por decreto gubernamental, hasta nuevo aviso. Leer m\u00e1s.. Men\u00fa Una magn\u00edfica labor que debe reconocerse Por el\u00a0Lic. Jorge Ra\u00fal Milla -\u00a0 Director General del C.I.C.N. Yumka' Teniendo a mi cargo el Centro de Interpretaci\u00f3n y Convivencia\u2026","rel":"","context":"Entrada similar ","block_context":{"text":"Entrada similar ","link":""},"img":{"alt_text":"","src":"https:\/\/i0.wp.com\/yumka.org.mx\/wp-content\/uploads\/2017\/03\/yumka-logo.png?resize=350%2C200","width":350,"height":200},"classes":[]},{"id":1919,"url":"http:\/\/yumka.gob.mx\/?page_id=1919","url_meta":{"origin":1025,"position":3},"title":"Yumk\u00e1 por el Dr. Luis Palazuelos Plata","author":"Ram\u00f3n de Jesus Estudillo","date":"6 abril, 2017","format":false,"excerpt":"\u00a0 EN LA SELVA TABASQUE\u00d1A TIENE LUGAR UN EXPERIMENTO FORMIDABLE: EL CENTRO DE INTERPRETACI\u00d3N\u00a0Y CONVIVENCIA CON LA NATURALEZA YUMK\u00c1 Yumk\u00e1, se\u00f1or de la selva y los animales se encuentra en Tabasco. Seg\u00fan la cultura Chontal, este personaje protege a la naturaleza que, pr\u00f3diga, sent\u00f3 sus reales en \u00e9sta regi\u00f3n de\u2026","rel":"","context":"Entrada similar ","block_context":{"text":"Entrada similar ","link":""},"img":{"alt_text":"Yumka_LogoHistorico","src":"https:\/\/i0.wp.com\/yumka.org.mx\/wp-content\/uploads\/2016\/11\/Yumka_LogoHistorico-220x198.jpg?resize=350%2C200","width":350,"height":200},"classes":[]},{"id":2625,"url":"http:\/\/yumka.gob.mx\/?page_id=2625","url_meta":{"origin":1025,"position":4},"title":"Proyecto de apoyo a fauna nativa polinizadores","author":"Ram\u00f3n de Jesus Estudillo","date":"2 febrero, 2021","format":false,"excerpt":"Se implementan estrategias de apoyo a los polinizadores locales, as\u00ed como medidas que mitiguen la perdida y favorezcan la conservaci\u00f3n de los mismos. Para dicho efecto se integrar\u00e1n habit\u00e1culos \u201ccasitas de abejas\u201d, bebederos en estaciones seca y las planes de jardiner\u00eda y reforestaci\u00f3n contemplaran especies nativas atractivas para los mismos\u2026","rel":"","context":"Entrada similar ","block_context":{"text":"Entrada similar ","link":""},"img":{"alt_text":"","src":"https:\/\/i0.wp.com\/yumka.gob.mx\/wp-content\/uploads\/2021\/02\/Jardineria-3-768x1024.jpeg?resize=350%2C200","width":350,"height":200,"srcset":"https:\/\/i0.wp.com\/yumka.gob.mx\/wp-content\/uploads\/2021\/02\/Jardineria-3-768x1024.jpeg?resize=350%2C200 1x, https:\/\/i0.wp.com\/yumka.gob.mx\/wp-content\/uploads\/2021\/02\/Jardineria-3-768x1024.jpeg?resize=525%2C300 1.5x, https:\/\/i0.wp.com\/yumka.gob.mx\/wp-content\/uploads\/2021\/02\/Jardineria-3-768x1024.jpeg?resize=700%2C400 2x"},"classes":[]},{"id":2619,"url":"http:\/\/yumka.gob.mx\/?page_id=2619","url_meta":{"origin":1025,"position":5},"title":"Proyecto de apoyo a fauna nativa dispersora de semillas.","author":"Ram\u00f3n de Jesus Estudillo","date":"2 febrero, 2021","format":false,"excerpt":"Se implementan estaciones de apoyo a dispersores locales de semillas como aves, tales como\u00a0 tucanetas y chachalacas, as\u00ed como mam\u00edferos tales como tlacuaches y coendus, animales representativos de los ecosistemas silvestres locales cuya funci\u00f3n es dispersar semillas de plantas nativas. Dichas estaciones permiten el descanso, un aporte nutricional y\/o de\u2026","rel":"","context":"Entrada similar ","block_context":{"text":"Entrada similar ","link":""},"img":{"alt_text":"","src":"https:\/\/i0.wp.com\/yumka.gob.mx\/wp-content\/uploads\/2021\/02\/tucanetas.jpg?resize=350%2C200","width":350,"height":200,"srcset":"https:\/\/i0.wp.com\/yumka.gob.mx\/wp-content\/uploads\/2021\/02\/tucanetas.jpg?resize=350%2C200 1x, https:\/\/i0.wp.com\/yumka.gob.mx\/wp-content\/uploads\/2021\/02\/tucanetas.jpg?resize=525%2C300 1.5x, https:\/\/i0.wp.com\/yumka.gob.mx\/wp-content\/uploads\/2021\/02\/tucanetas.jpg?resize=700%2C400 2x"},"classes":[]}],"_links":{"self":[{"href":"http:\/\/yumka.gob.mx\/index.php?rest_route=\/wp\/v2\/pages\/1025","targetHints":{"allow":["GET"]}}],"collection":[{"href":"http:\/\/yumka.gob.mx\/index.php?rest_route=\/wp\/v2\/pages"}],"about":[{"href":"http:\/\/yumka.gob.mx\/index.php?rest_route=\/wp\/v2\/types\/page"}],"author":[{"embeddable":true,"href":"http:\/\/yumka.gob.mx\/index.php?rest_route=\/wp\/v2\/users\/2"}],"replies":[{"embeddable":true,"href":"http:\/\/yumka.gob.mx\/index.php?rest_route=%2Fwp%2Fv2%2Fcomments&post=1025"}],"version-history":[{"count":6,"href":"http:\/\/yumka.gob.mx\/index.php?rest_route=\/wp\/v2\/pages\/1025\/revisions"}],"predecessor-version":[{"id":2521,"href":"http:\/\/yumka.gob.mx\/index.php?rest_route=\/wp\/v2\/pages\/1025\/revisions\/2521"}],"wp:attachment":[{"href":"http:\/\/yumka.gob.mx\/index.php?rest_route=%2Fwp%2Fv2%2Fmedia&parent=1025"}],"curies":[{"name":"wp","href":"https:\/\/api.w.org\/{rel}","templated":true}]}}